1.
19
What is the remainder when 395 is divided by 10?
5
Calculate the remainder when 158 is divided by 18.
14
Calculate the remainder when 1652 is divided by 544.
20
Calculate the remainder when 650 is divided by 34.
4
Calculate the remainder when 880 is divided by 36.
16
Calculate the remainder when 206 is divided by 53.
47
Calculate the remainder when 121 is divided by 22.
11
What is the remainder when 9672 is divided by 14?
12
Calculate the remainder when 490 is divided by 29.
26
What is the remainder when 211 is divided by 45?
31
Calculate the remainder when 213 is divided by 74.
65
Calculate the remainder when 1109 is divided by 552.
5
What is the remainder when 165 is divided by 17?
12
What is the remainder when 235 is divided by 50?
35
What is the remainder when 51 is divided by 20?
11
What is the remainder when 696 is divided by 170?
16
What is the remainder when 123 is divided by 40?
3
Calculate the remainder when 41 is divided by 27.
14
What is the remainder when 282 is divided by 57?
54
What is the remainder when 728 is divided by 68?
48
What is the remainder when 53 is divided by 42?
11
What is the remainder when 19 is divided by 6?
1
Calculate the remainder when 387 is divided by 100.
87
What is the remainder when 321 is divided by 36?
33
Calculate the remainder when 1782 is divided by 356.
2
What is the remainder when 75 is divided by 13?
10
Calculate the remainder when 756 is divided by 77.
63
What is the remainder when 544 is divided by 129?
28
What is the remainder when 6469 is divided by 78?
73
Calculate the remainder when 3291 is divided by 97.
90
Calculate the remainder when 8272 is divided by 25.
22
Calculate the remainder when 1747 is divided by 55.
42
What is the remainder when 1859 is divided by 38?
35
What is the remainder when 1089 is divided by 179?
15
Calculate the remainder when 291 is divided by 125.
41
Calculate the remainder when 155 is divided by 26.
25
Calculate the remainder when 1667 is divided by 42.
29
Calculate the remainder when 61 is divided by 17.
10
What is the remainder when 338 is divided by 72?
50
Calculate the remainder when 2664 is divided by 47.
32
Calculate the remainder when 152 is divided by 32.
24
What is the remainder when 386 is divided by 36?
26
What is the remainder when 136 is divided by 52?
32
What is the remainder when 19906 is divided by 158?
156
Calculate the remainder when 10339 is divided by 9.
7
Calculate the remainder when 1006 is divided by 63.
61
Calculate the remainder when 61 is divided by 9.
7
What is the remainder when 574 is divided by 9?
7
Calculate the remainder when 205 is divided by 71.
63
What is the remainder when 825 is divided by 60?
45
What is the remainder when 5879 is divided by 128?
119
Calculate the remainder when 180 is divided by 47.
39
Calculate the remainder when 198 is divided by 41.
34
Calculate the remainder when 976 is divided by 12.
4
Calculate the remainder when 366 is divided by 16.
14
What is the remainder when 1921 is divided by 74?
71
What is the remainder when 167 is divided by 8?
7
Calculate the remainder when 214 is divided by 15.
4
Calculate the remainder when 75 is divided by 49.
26
Calculate the remainder when 294 is divided by 12.
6
What is the remainder when 420 is divided by 67?
18
What is the remainder when 118 is divided by 39?
1
What is the remainder when 2109 is divided by 174?
21
Calculate the remainder when 289 is divided by 90.
19
What is the remainder when 2472 is divided by 55?
52
What is the remainder when 12387 is divided by 70?
67
What is the remainder when 2329 is divided by 333?
331
What is the remainder when 2259 is divided by 564?
3
What is the remainder when 10890 is divided by 26?
22
What is the remainder when 6283 is divided by 7?
4
Calculate the remainder when 688 is divided by 65.
38
Calculate the remainder when 18818 is divided by 319.
316
Calculate the remainder when 427 is divided by 29.
21
Calculate the remainder when 167 is divided by 125.
42
Calculate the remainder when 1598 is divided by 40.
38
Calculate the remainder when 15959 is divided by 10.
9
Calculate the remainder when 96 is divided by 33.
30
What is the remainder when 63 is divided by 8?
7
Calculate the remainder when 4418 is divided by 20.
18
What is the remainder when 26 is divided by 12?
2
What is the remainder when 531 is divided by 264?
3
What is the remainder when 6744 is divided by 13?
10
What is the remainder when 5877 is divided by 35?
32
What is the remainder when 1133 is divided by 264?
77
Calculate the remainder when 44 is divided by 12.
8
What is the remainder when 678 is divided by 181?
135
Calculate the remainder when 19415 is divided by 26.
19
Calculate the remainder when 213 is divided by 18.
15
What is the remainder when 13 is divided by 8?
5
What is the remainder when 821 is divided by 396?
29
Calculate the remainder when 687 is divided by 38.
3
Calculate the remainder when 997 is divided by 27.
25
Calculate the remainder when 167 is divided by 4.
3
What is the remainder when 84 is divided by 52?
32
Calculate the remainder when 310 is divided by 13.
11
Calculate the remainder when 75 is divided by 30.
15
Calculate the remainder when 251 is divided by 36.
35
Calculate the remainder when 163 is divided by 36.
19
Calculate the remainder when 342 is divided by 104.
30
Calculate the remainder when 1533 is divided by 251.
27
Calculate the remainder when 41 is divided by 28.
13
Calculate the remainder when 42 is divided by 10.
2
Calculate the remainder when 51 is divided by 18.
15
Calculate the remainder when 2186 is divided by 200.
186
Calculate the remainder when 4226 is divided by 90.
86
Calculate the remainder when 1070 is divided by 63.
62
Calculate the remainder when 61 is divided by 53.
8
Calculate the remainder when 148 is divided by 20.
8
What is the remainder when 40 is divided by 23?
17
What is the remainder when 168 is divided by 9?
6
What is the remainder when 4 is divided by 3?
1
What is the remainder when 52 is divided by 48?
4
What is the remainder when 576 is divided by 118?
104
Calculate the remainder when 48 is divided by 43.
5
What is the remainder when 187 is divided by 97?
90
What is the remainder when 8584 is divided by 81?
79
Calculate the remainder when 7650 is divided by 86.
82
Calculate the remainder when 1216 is divided by 42.
40
Calculate the remainder when 186 is divided by 32.
26
Calculate the remainder when 1695 is divided by 169.
5
Calculate the remainder when 1073 is divided by 210.
23
What is the remainder when 8220 is divided by 18?
12
What is the remainder when 223 is divided by 14?
13
Calculate the remainder when 141 is divided by 14.
1
What is the remainder when 22 is divided by 16?
6
Calculate the remainder when 1425 is divided by 464.
33
What is the remainder when 221 is divided by 28?
25
Calculate the remainder when 285 is divided by 42.
33
Calculate the remainder when 613 is divided by 47.
2
Calculate the remainder when 127 is divided by 16.
15
Calculate the remainder when 131 is divided by 49.
33
What is the remainder when 57 is divided by 36?
21
Calculate the remainder when 52 is divided by 41.
11
Calculate the remainder when 2807 is divided by 13.
12
Calculate the remainder when 224 is divided by 204.
20
Calculate the remainder when 205 is divided by 11.
7
Calculate the remainder when 12211 is divided by 207.
205
Calculate the remainder when 1365 is divided by 9.
6
What is the remainder when 1396 is divided by 20?
16
Calculate the remainder when 4367 is divided by 485.
2
What is the remainder when 581 is divided by 65?
61
What is the remainder when 1974 is divided by 11?
5
What is the remainder when 44 is divided by 20?
4
Calculate the remainder when 102 is divided by 8.
6
Calculate the remainder when 628 is divided by 160.
148
Calculate the remainder when 615 is divided by 39.
30
Calculate the remainder when 2920 is divided by 117.
112
Calculate the remainder when 1412 is divided by 237.
227
What is the remainder when 8701 is divided by 229?
228
Calculate the remainder when 13244 is divided by 414.
410
What is the remainder when 66 is divided by 26?
14
Calculate the remainder when 446 is divided by 8.
6
Calculate the remainder when 5268 is divided by 7.
4
What is the remainder when 2269